
What are the prime factors of 270449731?
270449731
What are the prime factors of 2646881924?
2, 139, 4760579
List the prime factors of 19593773.
19593773
List the prime factors of 2127873096.
2, 3, 29553793
What are the prime factors of 281601401?
281601401
List the prime factors of 48028099.
7, 6861157
List the prime factors of 2121959072.
2, 59, 1123919
What are the prime factors of 378810874?
2, 13, 23, 633463
What are the prime factors of 3718524734?
2, 1859262367
What are the prime factors of 49240679?
31, 51239
List the prime factors of 1398957507.
3, 181, 293, 977
What are the prime factors of 2381309879?
13, 14090591
What are the prime factors of 5536103582?
2, 1993, 1388887
List the prime factors of 15458680.
2, 5, 293, 1319
What are the prime factors of 2425496858?
2, 1212748429
List the prime factors of 165260738.
2, 2273, 36353
What are the prime factors of 197253915?
3, 5, 19, 79, 8761
List the prime factors of 917309688.
2, 3, 38221237
List the prime factors of 2327859669.
3, 419, 1851917
What are the prime factors of 4618649649?
3, 29, 53, 1001659
What are the prime factors of 277885763?
277885763
What are the prime factors of 4622375046?
2, 3, 770395841
List the prime factors of 6452473904.
2, 7829, 51511
What are the prime factors of 479589204?
2, 3, 199, 229, 877
What are the prime factors of 52310244?
2, 3, 7, 71, 179
List the prime factors of 295411076.
2, 73852769
What are the prime factors of 62350026?
2, 3, 10391671
List the prime factors of 61499332.
2, 23, 668471
What are the prime factors of 21153380?
2, 5, 83, 12743
List the prime factors of 329271317.
17, 193, 100357
What are the prime factors of 65274573?
3, 7, 13, 181, 1321
What are the prime factors of 10157643?
3, 41801
List the prime factors of 276953656.
2, 7, 4945601
What are the prime factors of 77257711?
29, 2664059
List the prime factors of 556822542.
2, 3, 92803757
List the prime factors of 960819.
3, 320273
What are the prime factors of 232754178?
2, 3, 38792363
List the prime factors of 194524485.
3, 5, 101, 128399
List the prime factors of 135648130.
2, 5, 13564813
List the prime factors of 4964447506.
2, 2482223753
List the prime factors of 589877608.
2, 73734701
What are the prime factors of 475521191?
277, 1716683
List the prime factors of 3710550531.
3, 89, 1483, 9371
List the prime factors of 237077004.
2, 3, 19756417
List the prime factors of 1078447330.
2, 5, 193, 558781
What are the prime factors of 58009275?
3, 5, 311, 829
What are the prime factors of 1290378688?
2, 20162167
What are the prime factors of 26066108?
2, 6516527
List the prime factors of 1399628200.
2, 5, 23, 13229
List the prime factors of 435873294.
2, 3, 24215183
What are the prime factors of 72298958?
2, 193, 187303
List the prime factors of 93882202.
2, 5569, 8429
What are the prime factors of 162053700?
2, 3, 5, 540179
What are the prime factors of 2876017?
29, 99173
List the prime factors of 1249465498.
2, 19, 5591, 5881
What are the prime factors of 81218821?
29, 131, 21379
What are the prime factors of 713315559?
3, 11, 647, 33409
List the prime factors of 5886604454.
2, 43, 68448889
List the prime factors of 2542028716.
2, 83, 7656713
List the prime factors of 92250766.
2, 197, 234139
List the prime factors of 176138763.
3, 58712921
List the prime factors of 167780250.
2, 3, 5, 11, 6779
List the prime factors of 4910475192.
2, 3, 7, 29229019
List the prime factors of 3120115293.
3, 41, 8455597
What are the prime factors of 204760493?
7, 29251499
What are the prime factors of 101894932?
2, 25473733
List the prime factors of 2692405918.
2, 907, 1484237
What are the prime factors of 261174065?
5, 47, 1111379
What are the prime factors of 1764190239?
3, 7, 113, 163, 4561
What are the prime factors of 128083959?
3, 19, 41, 18269
List the prime factors of 3043942806.
2, 3, 507323801
What are the prime factors of 271056?
2, 3, 5647
What are the prime factors of 93687634?
2, 59, 13457
What are the prime factors of 90921124?
2, 7, 47, 59, 1171
List the prime factors of 52813837.
37, 1427401
List the prime factors of 38720248.
2, 7, 691433
What are the prime factors of 33831781?
23, 1470947
List the prime factors of 3178704574.
2, 17, 53, 229, 7703
List the prime factors of 2083580215.
5, 31, 13442453
What are the prime factors of 71041515?
3, 5, 61, 77641
What are the prime factors of 491581760?
2, 5, 23, 66791
What are the prime factors of 1683114547?
113, 14894819
What are the prime factors of 12538736?
2, 7, 111953
What are the prime factors of 723869655?
3, 5, 1151, 41927
List the prime factors of 2103940736.
2, 31, 530227
What are the prime factors of 82346404?
2, 7, 97, 30319
What are the prime factors of 121148477?
17, 7126381
What are the prime factors of 238889337?
3, 19, 4191041
List the prime factors of 3463643808.
2, 3, 43, 93229
What are the prime factors of 336729791?
336729791
List the prime factors of 195714124.
2, 48928531
What are the prime factors of 202030916?
2, 50507729
What are the prime factors of 296139939?
3, 59, 1673107
List the prime factors of 173395256.
2, 21674407
List the prime factors of 96133863.
3, 7, 19, 479, 503
List the prime factors of 735873901.
7, 59, 1781777
List the prime factors of 70740369.
3, 7, 160409
What are the prime factors of 174587097?
3, 83, 211, 3323
List the prime factors of 605028528.
2, 3, 13, 35911
What are the prime factors of 33650782?
2, 11, 1529581
List the prime factors of 53339032.
2, 41, 137, 1187
List the prime factors of 789873257.
53, 14903269
What are the prime factors of 1966708529?
17, 607, 190591
What are the prime factors of 1516982489?
11, 29, 31, 131, 1171
List the prime factors of 183373408.
2, 19, 301601
What are the prime factors of 70015902?
2, 3, 11, 823, 1289
What are the prime factors of 21043990?
2, 5, 11, 113, 1693
List the prime factors of 48592039.
827, 58757
List the prime factors of 4979317943.
61, 81628163
List the prime factors of 12987436.
2, 7, 11, 149, 283
List the prime factors of 20880059.
293, 71263
List the prime factors of 40643441.
40643441
List the prime factors of 182135753.
1259, 144667
What are the prime factors of 149650602?
2, 3, 743, 33569
List the prime factors of 610762583.
43, 14203781
List the prime factors of 37326670.
2, 5, 661, 5647
What are the prime factors of 1048856968?
2, 1193, 109897
List the prime factors of 472088376.
2, 3, 6556783
What are the prime factors of 85667195?
5, 17133439
What are the prime factors of 119943244?
2, 29985811
What are the prime factors of 6584385?
3, 5, 163, 2693
What are the prime factors of 19536672?
2, 3, 17, 11971
What are the prime factors of 15939695?
5, 3187939
What are the prime factors of 152626483?
1697, 89939
List the prime factors of 4441123.
193, 23011
What are the prime factors of 118866477?
3, 39622159
List the prime factors of 90085094.
2, 11, 59, 69403
What are the prime factors of 6703125?
3, 5, 11, 13
List the prime factors of 911061589.
2551, 357139
What are the prime factors of 320512619?
7, 103, 444539
List the prime factors of 2230984341.
3, 17, 857741
What are the prime factors of 2027387976?
2, 3, 8513, 9923
What are the prime factors of 6561494449?
6561494449
What are the prime factors of 61307300?
2, 5, 19, 41, 787
List the prime factors of 2254405.
5, 450881
List the prime factors of 284175366.
2, 3, 17, 269, 10357
List the prime factors of 29177671.
89, 327839
List the prime factors of 2487916926.
2, 3, 11, 37, 339601
List the prime factors of 4671209330.
2, 5, 173, 2700121
List the prime factors of 294641711.
7, 13, 29, 311, 359
List the prime factors of 1545180000.
2, 3, 5, 7, 13, 283
List the prime factors of 835048716.
2, 3, 1523, 45691
What are the prime factors of 23663730?
2, 3, 5, 61, 67, 193
What are the prime factors of 297351400?
2, 5, 1486757
List the prime factors of 1206524484.
2, 3, 11, 338531
What are the prime factors of 47365054?
2, 11, 2152957
What are the prime factors of 18989865?
3, 5, 421997
What are the prime factors of 5837427568?
2, 7, 191, 272879
List the prime factors of 1908454157.
53, 857, 42017
List the prime factors of 39384382.
2, 19692191
List the prime factors of 4122999917.
43, 191, 619, 811
List the prime factors of 697787512.
2, 373, 379, 617
What are the prime 